 factor of 4870?
False
Is 136 a multiple of 15?
False
Is 1963 a multiple of 32?
False
Does 6 divide 2580?
True
Does 13 divide 158717?
True
Does 13 divide 246?
False
Does 8 divide 2724?
False
Is 17 a factor of 3029?
False
Is 4316 a multiple of 13?
True
Is 18 a factor of 443?
False
Does 6 divide 76?
False
Is 3 a factor of 9?
True
Is 18 a factor of 3533?
False
Is 24 a factor of 1080?
True
Is 1433 a multiple of 9?
False
Is 2831 a multiple of 64?
False
Is 6 a factor of 144?
True
Is 53 a factor of 717?
False
Is 7344 a multiple of 54?
True
Is 150 a multiple of 5?
True
Is 33689 a multiple of 43?
False
Does 47 divide 5432?
False
Does 22 divide 202?
False
Does 15 divide 48004?
False
Is 32 a factor of 2344?
False
Is 11 a factor of 1133?
True
Does 15 divide 2941?
False
Is 2656 a multiple of 41?
False
Does 37 divide 30314?
False
Does 110 divide 3410?
True
Does 3 divide 916?
False
Does 27 divide 1769?
False
Does 23 divide 3588?
True
Is 13674 a multiple of 53?
True
Is 25252 a multiple of 107?
True
Is 27 a factor of 5462?
False
Does 153 divide 6179?
False
Is 26 a factor of 2782?
True
Is 16375 a multiple of 56?
False
Is 276 a multiple of 4?
True
Does 11 divide 55?
True
Does 30 divide 310?
False
Is 29 a factor of 1624?
True
Is 146 a factor of 15330?
True
Is 16 a factor of 1206?
False
Is 30568 a multiple of 122?
False
Is 31 a factor of 489?
False
Is 23 a factor of 1342?
False
Is 24 a factor of 5131?
False
Is 42 a factor of 29426?
False
Is 152039 a multiple of 39?
False
Is 6 a factor of 1739?
False
Is 3713 a multiple of 47?
True
Is 12 a factor of 584?
False
Is 23 a factor of 341?
False
Is 18 a factor of 2740?
False
Is 144 a multiple of 3?
True
Does 7 divide 459?
False
Is 5497 a multiple of 23?
True
Does 9 divide 4129?
False
Is 20 a factor of 20500?
True
Is 1464 a multiple of 24?
True
Is 12 a factor of 3912?
True
Does 47 divide 22278?
True
Is 1936 a multiple of 22?
True
Does 143 divide 1831?
False
Is 6054 a multiple of 15?
False
Does 21 divide 252?
True
Is 27290 a multiple of 14?
False
Is 47 a factor of 329?
True
Is 14545 a multiple of 46?
False
Does 26 divide 7540?
True
Does 125 divide 2500?
True
Is 2 a factor of 862?
True
Does 27 divide 2213?
False
Is 2057 a multiple of 11?
True
Is 58498 a multiple of 11?
True
Does 67 divide 804?
True
Does 22 divide 1144?
True
Does 3 divide 219?
True
Is 97 a multiple of 11?
False
Is 8289 a multiple of 8?
False
Does 13 divide 1471?
False
Is 7 a factor of 687?
False
Is 265 even?
False
Is 8 a factor of 2272?
True
Does 10 divide 32545?
False
Does 41 divide 2132?
True
Is 13950 a multiple of 18?
True
Is 1384 a multiple of 5?
False
Does 6 divide 336?
True
Is 984 a multiple of 12?
True
Is 7038 a multiple of 153?
True
Is 29 a factor of 232?
True
Is 68 a factor of 2380?
True
Is 76 a factor of 2128?
True
Does 6 divide 3320?
False
Does 7 divide 26008?
False
Is 15 a factor of 1791?
False
Is 38 a factor of 128?
False
Is 1336 a multiple of 47?
False
Is 47 a factor of 19458?
True
Is 43 a factor of 3784?
True
Is 42 a factor of 5628?
True
Does 9 divide 180?
True
Is 4248 a multiple of 6?
True
Is 3 a factor of 189?
True
Is 33 a factor of 6138?
True
Is 3 a factor of 1237?
False
Is 2 a factor of 3010?
True
Does 20 divide 1960?
True
Is 17254 a multiple of 6?
False
Does 21 divide 1491?
True
Is 3 a factor of 237?
True
Does 13 divide 7098?
True
Is 67 a multiple of 37?
False
Does 58 divide 3944?
True
Is 7599 a multiple of 5?
False
Does 162 divide 59241?
False
Is 7 a factor of 168?
True
Does 41 divide 27019?
True
Is 1298 a multiple of 11?
True
Does 52 divide 2860?
True
Does 85 divide 5734?
False
Is 39894 a multiple of 122?
True
Is 40 a factor of 8560?
True
Is 44 a factor of 231?
False
Is 3328 a multiple of 26?
True
Is 1470 a multiple of 15?
True
Does 23 divide 8291?
False
Is 109 a multiple of 2?
False
Does 11 divide 242?
True
Is 30 a multiple of 15?
True
Is 47 a factor of 727?
False
Is 37 a factor of 2331?
True
Does 161 divide 15368?
False
Is 1218 a multiple of 2?
True
Is 11 a factor of 30654?
False
Is 198 a multiple of 3?
True
Does 9 divide 180?
True
Is 3 a factor of 259?
False
Is 16320 a multiple of 102?
True
Is 308 a multiple of 14?
True
Is 58 a factor of 1385?
False
Is 544 a multiple of 14?
False
Does 3 divide 473?
False
Is 3416 a multiple of 14?
True
Does 44 divide 920?
False
Is 10832 a multiple of 13?
False
Is 32 a factor of 6893?
False
Is 3914 a multiple of 38?
True
Is 857 a multiple of 9?
False
Does 78 divide 987?
False
Does 7 divide 137?
False
Is 7250 a multiple of 25?
True
Does 28 divide 80485?
False
Is 3791 a multiple of 18?
False
Is 64 a factor of 65408?
True
Is 28 a factor of 3367?
False
Is 2142 a multiple of 21?
True
Is 105 a factor of 1155?
True
Is 5 a factor of 60?
True
Is 11 a factor of 5011?
False
Is 4949 a multiple of 7?
True
Is 1736 a multiple of 13?
False
Does 7 divide 7934?
False
Is 66725 a multiple of 25?
True
Is 201 a multiple of 10?
False
Is 684 a multiple of 17?
False
Does 54 divide 107568?
True
Does 31 divide 14477?
True
Is 37445 a multiple of 11?
False
Is 343 a multiple of 38?
False
Is 6006 a multiple of 14?
True
Does 20 divide 2120?
True
Is 826 a multiple of 14?
True
Does 47 divide 568?
False
Does 15 divide 1590?
True
Is 10 a factor of 17171?
False
Is 13 a factor of 182?
True
Does 29 divide 30420?
False
Is 1232 a multiple of 64?
False
Is 109 a multiple of 10?
False
Is 4 a factor of 1500?
True
Does 79 divide 237?
True
Is 15678 a multiple of 78?
True
Is 11 a factor of 3047?
True
Is 5 a factor of 991?
False
Is 56 a factor of 56392?
True
Is 13 a factor of 1274?
True
Does 47 divide 2303?
True
Is 390 a multiple of 10?
True
Is 12 a factor of 396?
True
Is 33 a factor of 10825?
False
Is 49021 a multiple of 4?
False
Does 7 divide 553?
True
Does 14 divide 448?
True
Does 18 divide 18?
True
Is 85 a factor of 948?
False
Is 18 a factor of 54?
True
Does 3 divide 3279?
True
Does 123 divide 3076?
False
Is 12 a factor of 252?
True
Is 38 a factor of 14988?
False
Does 45 divide 2639?
False
Is 68704 a multiple of 76?
True
Is 438 a multiple of 28?
False
Is 4 a factor of 3796?
True
Does 11 divide 6237?
True
Does 5 divide 1135?
True
Does 41 divide 9020?
True
Is 21 a factor of 7162?
False
Does 119 divide 1043?
False
Is 4233 a multiple of 162?
False
Is 48 a factor of 10111?
False
Is 3480 a multiple of 6?
True
Is 6 a factor of 851?
False
Is 11 a factor of 9354?
False
Is 164 a factor of 273?
False
Does 15 divide 2122?
False
Is 4 a factor of 16648?
True
Does 82 divide 2870?
True
Is 391 a multiple of 17?
True
Is 76 a factor of 6688?
True
Is 626 a multiple of 17?
False
Is 8234 a multiple of 103?
False
Is 561 a multiple of 33?
True
Is 5584 a multiple of 8?
True
Is 13 a factor of 453?
False
Does 10 divide 199?
False
Is 2072 a multiple of 7?
True
Does 3 divide 201?
True
Is 2 a factor of 24?
True
Is 33 a factor of 2277?
True
Does 4 divide 4472?
True
Is 48 a factor of 825?
False
Is 27 a factor of 1343?
False
Does 57 divide 36879?
True
Does 32 divide 2638?
False
Is 8559 a multiple of 20?
False
Does 259 divide 26677?
True
Is 3502 a multiple of 22?
False
Is 465 a multiple of 15?
True
Does 5 divide 792?
False
Is 74 a factor of 1184?
True
Is 112 a factor of 17747?
False
Is 101 a factor of 4040?
True
Is 20 a factor of 449?
False
Is 19274 a multiple of 23?
True
Does 24 divide 105?
False
Is 6825 a multiple of 25?
True
Is 1686 a multiple of 13?
False
Is 9167 a multiple of 193?
False
Is 822 a multiple of 8?
False
Is 12027 a multiple of 211?
True
Is 28755 a multiple of 71?
True
Is 11 a factor of 568?
False
Does 9 divide 2628?
True
Does 12 divide 761?
False
Is 1129 a multiple of 12?
False
Does 10 divide 2161?
False
Is 5955 a multiple of 99?
False
Is 22 a factor of 1943?
False
Is 89 a factor of 1157?
True
Is 33 a factor of 3828?
True
Is 31 a factor of 12400?
True
Does 6 divide 52?
False
Is 29 a factor of 145?
True
Is 16535 a multiple of 38?
False
Is 21 a factor of 10143?
True
Is 37 a factor of 120805?
True
Is 69 a factor of 13317?
True
Is 54 a factor of 50531?
False
Is 12 a factor of 581?
False
Is 1032 a multiple of 69?
False
Is 5778 a multiple of 70?
False
Is 264 even?
True
Does 67 divide 1139?
True
Is 63 a factor of 1343?
False
Does 27 divide 2592?
True
Is 41 a factor of 13981?
True
Is 38 a factor of 16226?
True
Does 19 divide 4427?
True
Is 4180 a multiple of 22?
True
D